f) is divided by 64?
12
What is the remainder when 3818*6/24 + (-2 - 7/(-2)) is divided by 329?
298
Let a(m) = -m**2 - 58*m - 599. Calculate the remainder when a(-43) is divided by 36.
10
Suppose -7164 + 39191 = 85*s - 26198. Calculate the remainder when 695 is divided by s.
10
Let c(t) = -4*t**3 + 3*t**2 + 4*t - 2. Let i be c(-2). Let k = i + -33. Let j(r) = 58*r - 3. What is the remainder when j(k) is divided by 29?
26
Let y = 200 - 106. What is the remainder when 563 + -5 + -2 + 10/2 is divided by y?
91
Let q = 155 - 153. Suppose 4*c = q*t - 6, 3*t + 23 = 8*t - 2*c. Calculate the remainder when 14 is divided by t.
4
Let y = -12837 + 24426. Calculate the remainder when y is divided by 18.
15
Let v(n) = 11*n**3 - 29*n**2 + 2*n - 8. Let r(q) = 2*q**3 + q + 1. Let t(x) = 5*r(x) - v(x). Calculate the remainder when t(29) is divided by 8.
4
Suppose 10545 = 23*l - 14591 - 8628. Calculate the remainder when l is divided by 160.
28
Suppose 432*f = 15353 + 20935. What is the remainder when 1567 is divided by f?
55
What is the remainder when 116 is divided by 13545/540 - (-2)/(-24)?
16
Suppose -41 = 6*n - 59. Suppose -c - 10 = -0*o - n*o, c = o. What is the remainder when -15 + 12 - 14/(-1) is divided by o?
1
Suppose 25 = 4*m - 5*g, -3 = -g - 4. Suppose -m*u + 5*b + 12 = -28, -5*u - b + 34 = 0. What is the remainder when 1/(3/(-186)*-2) is divided by u?
3
Suppose 300 = 15*r - 1135 - 5240. What is the remainder when r is divided by 28?
25
Suppose 0 = 4*b - 3*h - 447, -3*b + 327 = h - 6*h. Let z = -109 + b. Suppose -y + z*k + 30 = 2*k, y - 38 = -5*k. What is the remainder when y is divided by 6?
3
Let h(j) = 2*j**3 - 48*j**2 + 97*j - 108. Calculate the remainder when 6388 is divided by h(22).
88
Suppose 12*k = -2*w + 11*k - 7, -5*w + 5*k = -5. Calculate the remainder when 291 is divided by 8/w - (-6 - (36 - 0)).
25
Let u(p) = -p**3 - 14*p**2 - 7*p - 48. Let q = 238 + -252. What is the remainder when u(q) is divided by 27?
23
Let c be (-24)/(-20)*(6 - 1). Suppose 16 = -2*x + c*x. Suppose -3*h + 56 = h - g, 2*h = x*g + 28. What is the remainder when 109 is divided by h?
11
Let u(m) = 4*m + 75. Let y be u(-14). Let v(q) = 5*q + 52. What is the remainder when v(y) is divided by 15?
12
Let j(z) = 5*z - 4. Let u(m) = -m**3 - 14*m**2 + 22*m - 124. Calculate the remainder when j(15) is divided by u(-16).
35
Suppose -35 + 744 = -o. Let g = -687 - o. Suppose r = -2 + 7. Calculate the remainder when g is divided by r.
2
Suppose 208*p = 34*p + 1923918. Calculate the remainder when p is divided by 19.
18
Let r(q) = q + 1. Let p(w) = 3*w + 30. Let m(y) = p(y) - 4*r(y). Let z = 32 + -21. What is the remainder when m(-2) is divided by z?
6
Let s be (9/(-54)*2)/((-1)/45). What is the remainder when 21/(-15) + 966/s is divided by 33?
30
Suppose 5*l - 2*l = s + 14, -6*s + 7 = -5*l. What is the remainder when 815 is divided by l?
3
Suppose 81149 = 660*p - 111571. What is the remainder when p is divided by 92?
16
Let q(w) = 33*w - 102*w + w**3 + 33*w + 30 + 39*w - 6*w**2. Calculate the remainder when q(7) is divided by 36.
28
Let l be (-75)/(-4) - (100/(-16) - -6). What is the remainder when -4 + 9 - l/(2 + -3) is divided by 9?
6
What is the remainder when 5097 is divided by (-418704)/(-2464) - 1/(-14)?
167
Let d be ((-10)/(-4) - 0)/((-67)/(-536)). Suppose -d*t - 777 + 2337 = 0. Calculate the remainder when t is divided by 41.
37
Let q = 530 + -513. Let y(w) = -3*w**3 - w**2 - 7*w - 9. What is the remainder when y(-6) is divided by q?
16
Suppose -2*o + 3*l = -290, -4*o - 3*l + 740 - 196 = 0. What is the remainder when o is divided by 58?
23
Let d = 176 - 95. Let k = -1553 - -2267. Suppose -5*a = 12*a - k. What is the remainder when d is divided by a?
39
Let g(u) = u**2 + 27*u - 431. What is the remainder when g(13) is divided by 44?
1
Let j(n) = n**2 - 108*n + 1338. What is the remainder when 3606 is divided by j(14)?
20
Suppose 5*f + 4*y - 33 = 0, 3*y = -f - 4*f + 31. Suppose 3*k - 1 - f = 0. Suppose 2*g + k*g = 36. Calculate the remainder when 33 is divided by g.
6
Let w = -55488 - -55515. Let m = 7 + -2. Calculate the remainder when w is divided by m.
2
Let p = -96 + 98. Suppose x = -5*d - p*x + 540, 5*d - 505 = 4*x. Calculate the remainder when d is divided by 36.
33
Suppose -3 = i, -2*f + 39*i + 456 = 35*i. Suppose 2*m + 0*t - 14 = t, 10 = -5*t. Suppose 0*j = m*j - 192. What is the remainder when f is divided by j?
30
Let g be 3/(-15) - ((-21)/5 - -4). Let i be (12 - -38)/(g + 2 + 0). Let w = 1 + i. Calculate the remainder when w is divided by 9.
8
Suppose g - 36 = 45. Let v(u) = -50 - 15*u + 16*u + 14. What is the remainder when g is divided by v(43)?
4
Suppose b + 3*b - 220 = 0. Suppose -3*j = 15, -2*f = f + j - b. What is the remainder when f is divided by 12?
8
Let u = 21413 - 21388. What is the remainder when 372 is divided by u?
22
Suppose -3*f + 4 = -q, -4*q + 3*f = -2*f - 19. Suppose q*k = 2198 + 200. What is the remainder when k is divided by 37?
33
Let l(z) = z**2 - 22*z + 1859. Calculate the remainder when l(48) is divided by 63.
20
Suppose -5174 = -15*h - 5129. What is the remainder when 502 is divided by h?
1
Let i(c) = 50*c - 563. What is the remainder when i(13) is divided by 17?
2
Let t(b) = b**2 + 2*b - 3. Calculate the remainder when (-5 - 1 - (-270)/4)/((-39)/(-78)) is divided by t(4).
18
Let b(x) = -x**2 - 8*x - 9. Let n be b(-6). Let v = 255 + -243. Suppose 2*i + 103 = 3*s - v, 0 = n*s + 2*i - 107. What is the remainder when s is divided by 10?
7
Suppose -21*u + 9*u + 2340 = 0. Suppose -217*x + u = -212*x. Calculate the remainder when 132 is divided by x.
15
Let j = -3518 - -3731. Calculate the remainder when j is divided by 36.
33
Let d(l) = 3*l**3 + 53*l**2 - l + 339. What is the remainder when 15212 is divided by d(-18)?
32
Let n(i) = -12 - i**3 + 11 - 7*i**3 - 6*i**3 + i**2 - 9*i**3. What is the remainder when n(-2) is divided by 32?
27
Let g = 715 - 710. Suppose 76*b = 81*b - 5*i - 50, 2*i = g*b - 59. What is the remainder when 452 is divided by b?
10
Let f(d) = -d**2 - 4*d + 13. Let q be f(-5). Let h be 3*(-4)/q*2. Let p(o) = -6*o + 12. Calculate the remainder when 57 is divided by p(h).
27
Suppose 28 = 2*o + c, 2*o - 2*c + 4 = 14. Calculate the remainder when 159 is divided by o.
5
Calculate the remainder when ((-102)/(-15) - (-12)/3)*(-377130)/(-156) is divided by 48.
45
Let t be ((-758)/6 - -4)*(-3)/1. Let q = t - 33. What is the remainder when q is divided by 26?
22
Let l = 489 - 491. Calculate the remainder when 106 is divided by 180/10 - (2 + l).
16
Let m = -3764 + 4691. Calculate the remainder when m is divided by 460.
7
Suppose 0 = 18*y - 31961 + 9643 - 31772. Calculate the remainder when y is divided by 43.
38
Let r(y) = -21*y + 90. Calculate the remainder when 1901 is divided by r(4).
5
Suppose 6*u + 8*u - 4508 = 0. Let g = -289 + u. What is the remainder when 690 is divided by g?
30
Suppose 0*d + 3*j = -4*d + 1260, 5*d = -j + 1575. Let h = -305 + d. Calculate the remainder when 43 is divided by h.
3
Suppose -54*j - 2304 = -51*j. What is the remainder when 319 is divided by j/(-9) + 43/(-129)?
64
Suppose 2*q = 3*l - 38, 4*q - 20 = -0*q. Let k be 19 - (-3 - -4) - -1*1. Let p = 12 + k. What is the remainder when p is divided by l?
15
Let d(h) = -2*h**3 - 15*h**2 + 45*h + 166. Calculate the remainder when 676 is divided by d(-10).
28
Let x be -167 - (-5 + 6 + 2). Calculate the remainder when (3/(-2))/(1/x) is divided by 86.
83
Let f(j) = -j**2 + 9*j - 20. Let c be f(10). Let k = c - -52. Suppose 4 = -9*h + k. What is the remainder when 14 is divided by h?
0
Suppose -3*b + 61 = -28*i + 29*i, 0 = -4*i + 4*b + 356. Suppose -5*c + 5*s + 135 = 0, 6*s = -3*c + 2*s + 53. What is the remainder when i is divided by c?
13
Let o = -202332 - -202385. Suppose k + 5*b = 591, 3*b - 2915 = -5*k - 2*b. Calculate the remainder when k is divided by o.
51
Let l(k) = 2*k**2 + 99*k - 278. Let d(i) = i - 4. Let t be d(0). What is the remainder when l(3) is divided by (-20)/(-3)*(-6)/t?
7
Let d = 7195 + -6383. What is the remainder when d is divided by 16?
12
Suppose 37 = -5*g + 107. Let a(y) = -y**2 - 121*y - 2235. What is the remainder when a(-25) is divided by g?
11
Suppose -7869 = 24*i + 7395. Let s = -624 - i. Calculate the remainder when 479 is div